{"id":339,"date":"2020-01-24T10:22:35","date_gmt":"2020-01-24T10:22:35","guid":{"rendered":"http:\/\/news.gsv-huellhorst.de\/?page_id=312"},"modified":"2021-11-15T10:28:31","modified_gmt":"2021-11-15T10:28:31","slug":"kurs-nr-14-3","status":"publish","type":"page","link":"https:\/\/news.gsv-huellhorst.de\/?page_id=339","title":{"rendered":"Kurs Nr. 5 und 6"},"content":{"rendered":"\n<h4>Sport f\u00fcr Einsteiger und Mollige<\/h4>\n\n\n\n<p>\u00dcbergewichtige und untrainierte Menschen lassen sich oft bei ihren ersten Sportversuchen nicht so gerne zugucken. Wer sich als \u00dcbergewichtiger fit halten oder auch ein paar Kilos mit Sport verlieren m\u00f6chte, hat es oft doppelt schwer. Besonders beim Einstieg k\u00f6nnen \u00fcppige Kurven das Training erschweren.                  Au\u00dferdem sorgen die \u00fcberz\u00e4hligen Kilos an Bauch, Beinen und Po f\u00fcr zus\u00e4tzliche Last, die der K\u00f6rper bewegen muss.<br><br>Gerade bei \u00fcbergewichtigen Einsteigern sind Muskeln, Gelenke, R\u00fccken, Stoffwechsel, Herz und Kreislauf aufgrund der Mehrbelastung schnell \u00fcberfordert. Untrainierte \u00fcberschreiten rasch ihre Leistungsgrenze, dann schnellt der Puls in die H\u00f6he, die Luft wird knapp und die Gelenke schmerzen.<\/p>\n\n\n\n<p>In diesem Kurs sollen Einsteiger\/Mollige, unter sich, behutsam und mit viel Spa\u00df, langsam an Sport, Bewegung, Muskelaufbau und Herz-Kreislauftraining herangef\u00fchrt werden!<\/p>\n\n\n\n<p><\/p>\n\n\n\n<div class=\"wp-block-button\"><a class=\"wp-block-button__link has-background\" href=\"javascript:window.history.back()\" style=\"background-color:#0c8aa6\">Zur\u00fcck<\/a><\/div>\n","protected":false},"excerpt":{"rendered":"<p>Sport f\u00fcr Einsteiger und Mollige \u00dcbergewichtige und untrainierte Menschen lassen sich oft bei ihren ersten Sportversuchen nicht so gerne zugucken. Wer sich als \u00dcbergewichtiger fit halten oder auch ein paar Kilos mit Sport verlieren m\u00f6chte, hat es oft doppelt schwer. Besonders beim Einstieg k\u00f6nnen \u00fcppige Kurven das Training erschweren. Au\u00dferdem sorgen die \u00fcberz\u00e4hligen Kilos an &hellip; <a href=\"https:\/\/news.gsv-huellhorst.de\/?page_id=339\" class=\"more-link\"><span class=\"screen-reader-text\">Kurs Nr. 5 und 6<\/span> weiterlesen<\/a><\/p>\n","protected":false},"author":1,"featured_media":0,"parent":298,"menu_order":0,"comment_status":"closed","ping_status":"closed","template":"","meta":{"footnotes":""},"class_list":["post-339","page","type-page","status-publish","hentry"],"_links":{"self":[{"href":"https:\/\/news.gsv-huellhorst.de\/index.php?rest_route=\/wp\/v2\/pages\/339"}],"collection":[{"href":"https:\/\/news.gsv-huellhorst.de\/index.php?rest_route=\/wp\/v2\/pages"}],"about":[{"href":"https:\/\/news.gsv-huellhorst.de\/index.php?rest_route=\/wp\/v2\/types\/page"}],"author":[{"embeddable":true,"href":"https:\/\/news.gsv-huellhorst.de\/index.php?rest_route=\/wp\/v2\/users\/1"}],"replies":[{"embeddable":true,"href":"https:\/\/news.gsv-huellhorst.de\/index.php?rest_route=%2Fwp%2Fv2%2Fcomments&post=339"}],"version-history":[{"count":6,"href":"https:\/\/news.gsv-huellhorst.de\/index.php?rest_route=\/wp\/v2\/pages\/339\/revisions"}],"predecessor-version":[{"id":2749,"href":"https:\/\/news.gsv-huellhorst.de\/index.php?rest_route=\/wp\/v2\/pages\/339\/revisions\/2749"}],"up":[{"embeddable":true,"href":"https:\/\/news.gsv-huellhorst.de\/index.php?rest_route=\/wp\/v2\/pages\/298"}],"wp:attachment":[{"href":"https:\/\/news.gsv-huellhorst.de\/index.php?rest_route=%2Fwp%2Fv2%2Fmedia&parent=339"}],"curies":[{"name":"wp","href":"https:\/\/api.w.org\/{rel}","templated":true}]}}